What is h(538)?
-8
Let j(p) = 209*p**3 - 7*p**2 - 18*p. What is j(-2)?
-1664
Let r(k) = k**2 - 3761*k + 48698. Calculate r(13).
-26
Let d(l) = 4*l**2 + 618*l - 3201. Calculate d(5).
-11
Let m(t) = 2*t**2 + 590*t - 22639. Give m(34).
-267
Let t(w) = -14*w**3 - 450*w**2 - 444*w - 12185. Determine t(-32).
-25
Let a(k) = -635*k - 76291. What is a(-115)?
-3266
Let z(h) = 3*h**3 + 20*h**2 + 5*h + 41. Give z(-6).
83
Let o(y) = -41*y**2 - 581*y - 48. What is o(-14)?
50
Let n(o) = -4160*o + 62270. Determine n(15).
-130
Let g(v) = 2*v**2 + 3937*v - 23671. Calculate g(6).
23
Let h(u) = 436*u + 272. Determine h(3).
1580
Let u(r) = -42*r**2 + 614*r + 173. Give u(19).
-3323
Let b(z) = 38392*z + 652940. Calculate b(-17).
276
Let c(m) = -m**3 + 27*m**2 - 91*m + 2254. What is c(26)?
564
Let x(a) = -a**3 + 45*a**2 - 462*a - 159. Determine x(14).
-551
Let h(t) = -1012*t**2 + 631*t - 634. Calculate h(1).
-1015
Let o(w) = -2*w**3 - 12*w**2 + 223*w + 43. What is o(8)?
35
Let p(y) = -y**3 + 34*y**2 - 102*y + 2548. Give p(33).
271
Let h(x) = 139*x - 5102. What is h(43)?
875
Let f(t) = 975*t - 28511. Give f(29).
-236
Let i(r) = 7698*r + 38461. What is i(-5)?
-29
Let y(m) = -608*m + 254. Determine y(5).
-2786
Let g(j) = -411*j - 1974. Give g(-5).
81
Let f(c) = -c**3 + 71*c**2 + 126*c - 18225. Determine f(69).
-9
Let a(k) = -166*k + 5964. Calculate a(35).
154
Let u(x) = x**3 - 77*x**2 + 183*x + 2714. Calculate u(74).
-172
Let u(c) = 63*c**2 - 48155*c + 17566. Give u(764).
-6
Let y(w) = 32532*w - 357840. Calculate y(11).
12
Let b(z) = 4*z**2 - 951*z - 13206. What is b(251)?
97
Let q(c) = c**3 + 5*c**2 - 25*c - 83. Determine q(-5).
42
Let q(z) = 451*z**3 + 3*z**2 + 10*z - 12. Calculate q(1).
452
Let r(p) = p**3 + p**2 - 82*p + 11. Calculate r(0).
11
Let u(w) = 19033*w - 1180120. Determine u(62).
-74
Let w(z) = -24316*z - 97159. Determine w(-4).
105
Let y(b) = 54451*b - 4029362. Determine y(74).
12
Let a(x) = 2*x**3 + 321*x**2 + 1827*x - 168. What is a(-6)?
-6
Let v(u) = -92494*u - 1387411. Give v(-15).
-1
Let c(s) = -4*s**2 - 92*s + 637. Calculate c(-27).
205
Let o(u) = -u**3 + 42*u**2 + 794*u + 32. Determine o(-14).
-108
Let w(a) = -a**2 - 127*a - 3366. What is w(-91)?
-90
Let a(q) = 23*q - 7463. Calculate a(204).
-2771
Let x(l) = -294*l - 45836. What is x(-156)?
28
Let a(m) = 565055*m + 37858678. Calculate a(-67).
-7
Let c(y) = -y**2 - 11015*y + 4165451. Determine c(366).
5
Let r(h) = -4421*h - 31534. What is r(-7)?
-587
Let f(p) = 6*p**2 + 1849*p + 36175. Give f(-21).
-8
Let a(c) = 14068*c - 41718. Give a(3).
486
Let b(v) = 61566*v - 10466199. Determine b(170).
21
Let o(y) = -5347*y - 38125. Give o(-7).
-696
Let n(h) = -3*h**3 - 26*h**2 + 88*h - 60. Calculate n(2).
-12
Let s(i) = -5*i**3 + 62*i**2 + 396*i - 67. Give s(-5).
128
Let p(x) = -83716*x - 2846264. Calculate p(-34).
80
Let y(m) = 8018*m - 200477. Give y(25).
-27
Let v(c) = -c**3 - 101*c**2 + 65*c - 3710. Calculate v(-102).
64
Let n(b) = 19*b + 1335. Calculate n(-65).
100
Let c(s) = 2*s**2 - 1696*s + 280926. Determine c(226).
-218
Let x(y) = -106*y**3 - 4*y**2 + 37*y - 65. Give x(2).
-855
Let r(g) = -g**2 + 732*g + 24459. Give r(-32).
11
Let g(b) = -2*b**2 - 252784*b + 45312419. Calculate g(179).
1
Let d(w) = w**2 - 113*w - 1821. Calculate d(129).
243
Let b(h) = -h**3 - 22*h**2 - 166*h + 6. Calculate b(-8).
438
Let h(u) = -4*u**2 - 5303*u - 58222. What is h(-11)?
-373
Let p(u) = 112*u - 10703. Determine p(99).
385
Let x(a) = -2*a**3 - 263*a**2 - 256*a + 17660. Calculate x(-130).
240
Let f(w) = -w**3 - 622*w**2 + 4402*w - 9. Determine f(7).
-16
Let o(j) = -23*j - 3146. Determine o(-137).
5
Let w(v) = -528*v - 260823. Determine w(-494).
9
Let d(p) = -p + 506. What is d(78)?
428
Let t(x) = x**3 - 16*x**2 - 4554*x + 363. Calculate t(-60).
3
Let z(u) = 4*u + 1816. Give z(-20).
1736
Let n(m) = -m**3 - 199*m**2 - 2427*m - 44. Give n(-13).
73
Let w(u) = 40*u - 298. What is w(13)?
222
Let d(y) = 132*y - 2469. Give d(9).
-1281
Let s(o) = 9537*o + 39347. What is s(-4)?
1199
Let p(h) = -735*h + 4126. What is p(6)?
-284
Let u(d) = -2*d**2 - 102*d - 813. Determine u(-10).
7
Let b(k) = 2*k**3 - 161*k**2 + 88*k - 698. What is b(80)?
-58
Let m(j) = 146*j - 28518. Determine m(202).
974
Let b(j) = -11*j**3 + 1651*j**2 + 229*j - 56856. Determine b(150).
-6
Let i(d) = -172142*d + 1032859. Determine i(6).
7
Let d(y) = 5964*y - 47. What is d(0)?
-47
Let o(a) = 5*a**3 - 8*a**2 - 103*a - 599. Calculate o(-6).
-1349
Let g(i) = -19*i**3 + 260*i**2 + 48*i + 503. Determine g(14).
-1
Let w(v) = 22*v**3 - 47*v**2 - 140*v - 16. What is w(-3)?
-613
Let s(x) = x**3 + 7*x**2 - 41*x + 132. Determine s(-12).
-96
Let d(o) = 22198*o - 4994581. Determine d(225).
-31
Let p(j) = j**2 + 3105*j + 226996. Calculate p(-75).
-254
Let l(u) = -215*u - 985. What is l(-5)?
90
Let s(p) = 20*p**2 - 2141*p + 6412. Determine s(3).
169
Let o(v) = 368216*v + 1472855. Determine o(-4).
-9
Let z(o) = -1319*o - 7148. Calculate z(-5).
-553
Let k(r) = -5*r**2 + 651*r - 13059. Give k(20).
-2039
Let g(z) = -5*z**2 - 69*z - 816. What is g(-14)?
-830
Let l(c) = -6346*c - 51999. Calculate l(-8).
-1231
Let p(l) = -2*l**3 + 7*l**2 + 53*l - 425. What is p(-6)?
-59
Let v(i) = 2*i**3 + 42*i**2 + 165*i + 3500. Calculate v(-21).
35
Let p(v) = -11*v**3 - 133*v**2 + 267*v + 17. What is p(2)?
-69
Let a(g) = 4*g**2 + 8011*g - 40056. What is a(5)?
99
Let x(p) = -60*p**2 + 1735*p + 166. Calculate x(29).
21
Let x(p) = 5*p**2 - 587*p + 2644. What is x(112)?
-380
Let a(j) = 4*j**2 + 43*j - 3323. Determine a(24).
13
Let o(m) = -9*m**3 - 60*m**2 - 156*m - 378. What is o(-5)?
27
Let c(o) = 12621*o + 315533. Give c(-25).
8
Let p(k) = -15259*k + 45875. Determine p(3).
98
Let t(c) = 2*c**3 - 111*c**2 + 1098*c - 2349. Determine t(3).
0
Let p(x) = -860*x - 19722. What is p(-23)?
58
Let a(v) = v**3 - 120*v**2 + 651*v - 63305. Determine a(119).
3
Let p(r) = -r**3 + 2*r**2 + 14800*r + 59168. What is p(-4)?
64
Let q(p) = -5594*p - 179016. Give q(-32).
-8
Let z(b) = 1940*b + 774282. Give z(-399).
222
Let k(y) = 3*y**3 - 34*y**2 - 81*y + 94. What is k(11)?
-918
Let g(u) = -7119*u**2 + 13849*u - 5. What is g(2)?
-783
Let k(q) = 1584*q**2 + 267689*q - 1182. Calculate k(-169).
1
Let s(x) = -322112*x + 2899015. Calculate s(9).
7
Let i(h) = -9*h**2 - 88*h + 6317. Determine i(22).
25
Let a(l) = -l**3 - 162*l**2 - 5938*l + 100. What is a(-56)?
212
Let b(m) = -8*m**2 - 11965*m + 35948. Calculate b(3).
-19
Let u(o) = 265*o + 57789. Give u(-218).
19
Let g(a) = a**3 - 4*a**2 - 17*a - 132. What is g(9)?
120
Let c(t) = -6429*t + 7309. Give c(1).
880
Let y(d) = -3761*d - 7385. What is y(-2)?
137
Let r(v) = -11*v**3 - 78*v + 79. Give r(1).
-10
Let p(k) = 190*k**2 + 2564*k + 109. What is p(-13)?
-1113
Let q(y) = y**3 - 144*y**2 + 396*y - 15878. Determine q(142).
26
Let k(j) = 209*j**2 - 1230*j + 1586. Give k(4).
10
Let g(b) = 2*b**3 - 22*b**2 + 1393*b - 15461. What is g(11)?
-138
Let t(b) = 271538*b - 1357715. Determine t(5).
-25
Let w(f) = -417*f + 22790. Determine w(55).
-145
Let u(o) = -1251*o - 90707. Determine u(-71).
-1886
Let r(v) = -5*v**3 - 91*v**2 - 89*v - 1318. Give r(-18).
-40
Let k(i) = i**2 + 4808*i - 24063. Calculate k(5).
2
Let k(b) = -12*b**3 + 57*b**2 - 44*b + 271. Calculate k(5).
-24
Let r(p) = -p**2 + 16033*p - 639721. Determine r(40).
-1
Let s(z) = z**3 - 10*z**2 - 10*z + 128. Give s(5).
-47
Let u(a) = 7116*a - 2355372. Calculate u(331).
24
Let w(n) = n**2 + 593*n - 93994. Give w(130).
-4
Let q(s) = 165413*s + 59548680. Calculate q(-360).
0
Let u(x) = -2*x**3 - 13*x**2 - 944*x - 5611. What is u(-6)?
17
Let u(t) = 1384*t - 8025. What is u(6)?
279
Let i(z) = 8508*z + 1182580. Calculate i(-139).
-32
Let k(t) = -108*t**2 - 1048*t - 2127. Give k(-2).
-463
Let x(l) = -2484*l - 156. Give x(0).
-156
Let n(a) = -15575*a - 3224034. Determine n(-207).
-9
Let i(c) = c**3 + 3*c**2 - 101*c - 95. What is i(-6)?
403
Let f(r) = -1313*r - 45662. Determine f(-35).
293
Let c(l) = 4*l**2 - 23*l - 473. Calculate c(-8).
-33
Let u(y) = -282*y - 28736. What is u(-102)?
28
Let w(f) = -f**3 - 362*f**2 + 77455*f - 4107. Determine w(-513).
-3
Let a(n) = -10*n**2 + 6*n - 273. Calculate a(10).
-1213
Let x(m) = 342215*m + 6502053. What is x(-19)?
-32
Let l(t) = 2*t**2 + 686*t + 16322. Determine l(-23).
1602
Let u(p) = 71*p**2 - 